k) = 2*k - 15. Let d be y(10). Suppose 3*j - 4 = 2*b, -d*j + 60 - 20 = 5*b. What is the remainder when j is divided by 3?
1
Let u(v) = v**3 + 7*v**2 - v + 9. Suppose 5*l = -14 - 21. Calculate the remainder when 46 is divided by u(l).
14
Let o = -43 - -76. Let p = o - 16. What is the remainder when 1*(2 - (-48 + 0)) is divided by p?
16
What is the remainder when 14 is divided by ((-20)/12)/((-2)/6)?
4
Let s = 65 - 19. What is the remainder when s is divided by 16?
14
Suppose -5*x + 8*x - 6 = 0, -3*x = -3*w + 99. Let i = -18 - -36. What is the remainder when w is divided by i + (-2 - -2) + 0?
17
Let r = -3 + 13. Let y(k) = k**2 - 10*k + 13. Let w = -21 + 58. Calculate the remainder when w is divided by y(r).
11
Let m(p) = p + 7. Let g be m(-3). Suppose g*t - 22 = t + 2*a, -2*a = 5*t - 26. What is the remainder when 1*11*-1*-1 is divided by t?
5
Suppose z = 3*f + 24, 2*z - 4*f - 6 = 34. Calculate the remainder when 71 is divided by z.
11
Suppose 4*u - 4*m = 0, -5*u - 9 + 2 = 2*m. What is the remainder when u/5 - 322/(-10) is divided by -2*3/(12/(-22))?
10
Suppose 25 = 2*z - 5. What is the remainder when 42 is divided by z?
12
Let d = -52 - -111. Let f = d - 32. Suppose v - f - 2 = 0. Calculate the remainder when v is divided by 15.
14
Let h(j) = 5*j**2 + 3*j + 3. Calculate the remainder when 83 is divided by h(-2).
15
Let f = 7 - 8. Let n be 4 + f - 3/3. Suppose -h + 42 = n*h. What is the remainder when 41 is divided by h?
13
Suppose 4*o = 5*f + 538, -3*o + 340 = f - 54. Suppose -5*n + 202 + o = -4*h, -3*n + 200 = -2*h. Calculate the remainder when n is divided by 23.
20
Suppose 0 = j + 7 - 2, -2*j = -2*k + 44. Calculate the remainder when k is divided by 52/6 + (-4)/(-12).
8
Calculate the remainder when (-816)/(-64) + 2/8 is divided by 4.
1
Suppose 4*r = -r + 70. Calculate the remainder when 21 is divided by r.
7
What is the remainder when ((-52)/(-12))/(1/3) is divided by 7?
6
Suppose 62 - 17 = 5*f. Let s = f + -5. What is the remainder when 4/6 + (-31)/(-3) is divided by s?
3
Suppose 4*g = 2*g + 8. Suppose g*s + k - 3 = 0, 0*s - 3*s + 3*k - 9 = 0. Suppose 0*p + 5*p - 275 = s. Calculate the remainder when p is divided by 19.
17
What is the remainder when -4*1/(-22) - 1764/(-99) is divided by 11?
7
Let g(b) be the third derivative of b**6/120 - b**4/24 + 41*b**3/6 - b**2. Calculate the remainder when g(0) is divided by 14.
13
Let x(o) = 5*o - 1. Calculate the remainder when 232 is divided by x(12).
55
Let u be (-5)/(5/(-2))*-7. Let y = u + 19. Calculate the remainder when 19 is divided by y.
4
Let w be (4/(-8))/(2/(-16)). Suppose -25 = -5*o, -w*c + 5*c = 5*o - 23. Suppose v = -0*v + c. What is the remainder when 2 is divided by v?
0
Let v be (9 - 1) + (-22)/(-11). Let o = -1 + v. Suppose 4*w = 4*g, 0 = -3*w - 4*g + g + 30. What is the remainder when o is divided by w?
4
Suppose -143 + 17 = -2*p. What is the remainder when 46 is divided by (-2)/(-8) + p/4?
14
Let y(x) = -x - 3. Let v be y(7). Let w = v - -15. Suppose -4*i - 28 = -w*o + 180, 4*o - 5*i = 170. What is the remainder when o is divided by 14?
12
Let c(j) = -j**3 - 10*j**2 - 11*j - 13. What is the remainder when c(-10) is divided by 25?
22
Suppose 0 = 10*s - 12*s + 16. Calculate the remainder when (-140)/(-15)*6/4 is divided by s.
6
Let k be 5*3/((-15)/(-2)). Suppose k*t - 7*t + 20 = 5*a, 6 = 2*a. What is the remainder when 6 is divided by (-15)/(-4) - t/(-4)?
2
Let w be (0 - (-2 + 1)) + 33. Suppose -i = i - w. Calculate the remainder when 48 is divided by i.
14
Suppose 0 = 2*g + g. What is the remainder when (g + 4)*98/8 is divided by 17?
15
Let q(r) be the second derivative of r**5/20 + 7*r**4/12 + 3*r**2/2 - r. Calculate the remainder when 9 is divided by q(-7).
0
Suppose -3*o = -5*h - 10, 9 - 3 = 2*o - 3*h. Let c = -4 + 7. Calculate the remainder when 8 - 2*(o - 1) is divided by c.
1
Suppose 498 = 2*r - 2*m, 2*m = 1 - 9. What is the remainder when r is divided by 31?
28
Let t(a) = 171*a - 15 + 15. Let p be t(1). Suppose -p = -5*j - 36. What is the remainder when j is divided by 14?
13
Let g(n) = n**2 + 3*n - 6. Let t be g(-5). Suppose 7 + 9 = t*k. Suppose -2*h - 4 = -k*h, 5*c - 108 = h. Calculate the remainder when c is divided by 12.
10
Let j = -9 + 17. Let i be (6/(-4))/(27/(-252)). Let c = i - 11. What is the remainder when j is divided by c?
2
Suppose 0 = -2*u - 2, 36 = 4*c - u - 3*u. Suppose -5*r + r = c. What is the remainder when 19 is divided by 5 + 1 + r + 1?
4
Let s(u) = -u**3 - 8*u**2 + 11*u + 2. Let b be s(-9). Calculate the remainder when (4/6)/(b/(-1944)) is divided by 21.
18
Suppose c + 10 - 31 = 0. What is the remainder when 36 is divided by c?
15
Suppose 3*q + q = 2*p - 58, -3*q = -5*p + 166. Calculate the remainder when p is divided by 9.
8
Suppose 5*b + 129 - 164 = 0. Calculate the remainder when 31 is divided by b.
3
Suppose -3*g + g = 0. What is the remainder when 12 + g/2 + -1 is divided by ((-12)/5)/((-4)/10)?
5
Let m(n) = n - 3. What is the remainder when m(7) is divided by 3?
1
Let h = 53 + 21. Calculate the remainder when h is divided by 19.
17
Let h = -12 - -3. What is the remainder when (-88)/(-3) + 3/h is divided by 10?
9
Let a be (8/(-24))/(1/3). What is the remainder when 27 is divided by 7/(-3)*(a + -2)?
6
Suppose -g = 4*g - 75. Suppose -5*q + 170 + 120 = 0. Calculate the remainder when q is divided by g.
13
Let i(a) = -7*a - 6. Suppose 2 = l - 14. Calculate the remainder when i(-5) is divided by l.
13
Let o(a) = -7*a + 0 - 3 + a**3 + 10*a - 2*a**2. What is the remainder when 7 is divided by o(2)?
1
Let c = 5 - 3. Suppose 4 = c*f - 2. Suppose -104 = -f*i - i. What is the remainder when i is divided by 14?
12
Let f = -15 - -36. What is the remainder when 38 is divided by f?
17
Suppose 0 = -3*d, -4*d + 7*d - 201 = -3*t. Let i = -48 + t. Calculate the remainder when i is divided by 7.
5
Let g(i) = -5*i - 3. Let n = 64 + -56. Calculate the remainder when g(-5) is divided by n.
6
Let s(p) = -p - 6. Let f be s(-11). Suppose -5*c - 2 = f*m - 2*m, -4*m - 5*c = 1. Calculate the remainder when 0 - (-2 - (0 - 0)) is divided by m.
0
Let x(i) = i**3 - i**2 + 70. Let j be x(0). Suppose 3*s + 70 = 8*s + 3*a, -5*s = -5*a - j. What is the remainder when 4*(3/(-3) - -11) is divided by s?
12
Calculate the remainder when (5/1 + -10)*-13 is divided by 35.
30
Let o(q) = -q**3 - q**2 + 2*q + 17. Calculate the remainder when o(0) is divided by 10.
7
What is the remainder when (-6 - -7)/(2/28) is divided by 4?
2
Suppose -5*r + 17 + 3 = 0. Calculate the remainder when r is divided by 4.
0
Let v(y) = -y**3 - 11*y**2 - 12*y + 1. Suppose -28 - 2 = 3*i. Let f be v(i). Suppose f = -l + 4*l. Calculate the remainder when 20 is divided by l.
6
Let c(l) = -l**2 + 17*l - 38. Calculate the remainder when c(10) is divided by 20.
12
Let b(l) = 2*l + 4. What is the remainder when ((-3)/(-18))/(3/(-372))*-3 is divided by b(6)?
14
Suppose 10 - 34 = -2*u - 2*z, -5*u + 50 = -5*z. Let t = u + 9. What is the remainder when t is divided by (-4 - (2 - 2)) + 15?
9
Let u = -22 - -44. Suppose -l = -6*l - 15. Let r(j) = -21*j + 1. Calculate the remainder when r(l) is divided by u.
20
Suppose -2*g + g + 121 = 0. What is the remainder when g is divided by 18?
13
Let d = -55 - -63. Calculate the remainder when 10 is divided by d.
2
Let p = -109 - -133. Calculate the remainder when 118 is divided by p.
22
Suppose 5*x = 2*t + 74, -x = x - 2*t - 26. Calculate the remainder when 47 is divided by x.
15
Let c(r) = -r**3 - 6*r**2 - 7*r - 2. Calculate the remainder when 15 is divided by c(-5).
7
Calculate the remainder when 2/(-4) + (-1970)/(-20) is divided by 25.
23
Let m(k) = -k**3 - k**2 + 2*k + 6. Suppose 0*p - 204 = -4*p. What is the remainder when p is divided by m(-3)?
15
Suppose 0 = -2*t + t + 45. Calculate the remainder when t is divided by 24.
21
Let g = -18 + 23. Calculate the remainder when 24 is divided by g.
4
Suppose 4*k = -1 - 3. Let l = k + 15. What is the remainder when 1/(21/(-9)) - (-748)/14 is divided by l?
11
Let z(y) = -y**2 + 14*y - 4. Calculate the remainder when z(8) is divided by 9.
8
Let x = -1 - -4. Suppose -3*i = x*i - 66. What is the remainder when i is divided by 5?
1
Let c be 0 + -37 + 1/(-1). Let v = c - -68. What is the remainder when v is divided by 3 + 0/3 + 13?
14
Let r(